{"id":20,"date":"2020-03-02T19:02:22","date_gmt":"2020-03-02T19:02:22","guid":{"rendered":"http:\/\/sabses-hundesalon.de\/?page_id=20"},"modified":"2020-03-16T20:32:17","modified_gmt":"2020-03-16T20:32:17","slug":"kontakt-und-anfahrt","status":"publish","type":"page","link":"https:\/\/sabses-hundesalon.de\/?page_id=20","title":{"rendered":"Anfahrt"},"content":{"rendered":"\n<p> Unser Hundesalon befindet sich in der<br>Walramstr.23<br>65510 Idstein <br>Der Eingang befindet sich von der Stra\u00dfe aus gesehen, auf der R\u00fcckseite des Hauses. Wenn Sie vor dem Haus stehen gehen oder fahren Sie rechts am Geb\u00e4ude vorbei, nach unten. Dort befinden sich auchParkpl\u00e4tze . Ein Hinweisschild weist Ihnen den Weg.<br><\/p>\n\n\n\n<iframe loading=\"lazy\" src=\"https:\/\/www.google.com\/maps\/embed?pb=!1m18!1m12!1m3!1d2552.5251333758347!2d8.256674615890011!3d50.22609371138604!2m3!1f0!2f0!3f0!3m2!1i1024!2i768!4f13.1!3m3!1m2!1s0x47bdb75c0fa8bb9d%3A0x9c6b839b1226d3!2sWalramstra%C3%9Fe%2023%2C%2065510%20Idstein!5e0!3m2!1sde!2sde!4v1583274006978!5m2!1sde!2sde\" width=\"100%\" height=\"380\" frameborder=\"0\" style=\"border:0;\" allowfullscreen=\"\"><\/iframe>\n\n\n\n<p><\/p>\n","protected":false},"excerpt":{"rendered":"<p>Unser Hundesalon befindet sich in derWalramstr.2365510 Idstein Der Eingang befindet sich von der Stra\u00dfe aus gesehen, auf der R\u00fcckseite des Hauses. Wenn Sie vor dem Haus stehen gehen oder fahren Sie rechts am Geb\u00e4ude vorbei, nach unten. Dort befinden sich auchParkpl\u00e4tze . Ein Hinweisschild weist Ihnen den Weg.<\/p>\n","protected":false},"author":1,"featured_media":0,"parent":0,"menu_order":0,"comment_status":"closed","ping_status":"closed","template":"","meta":{"footnotes":""},"class_list":["post-20","page","type-page","status-publish","hentry","wpbf-post"],"_links":{"self":[{"href":"https:\/\/sabses-hundesalon.de\/index.php?rest_route=\/wp\/v2\/pages\/20","targetHints":{"allow":["GET"]}}],"collection":[{"href":"https:\/\/sabses-hundesalon.de\/index.php?rest_route=\/wp\/v2\/pages"}],"about":[{"href":"https:\/\/sabses-hundesalon.de\/index.php?rest_route=\/wp\/v2\/types\/page"}],"author":[{"embeddable":true,"href":"https:\/\/sabses-hundesalon.de\/index.php?rest_route=\/wp\/v2\/users\/1"}],"replies":[{"embeddable":true,"href":"https:\/\/sabses-hundesalon.de\/index.php?rest_route=%2Fwp%2Fv2%2Fcomments&post=20"}],"version-history":[{"count":9,"href":"https:\/\/sabses-hundesalon.de\/index.php?rest_route=\/wp\/v2\/pages\/20\/revisions"}],"predecessor-version":[{"id":189,"href":"https:\/\/sabses-hundesalon.de\/index.php?rest_route=\/wp\/v2\/pages\/20\/revisions\/189"}],"wp:attachment":[{"href":"https:\/\/sabses-hundesalon.de\/index.php?rest_route=%2Fwp%2Fv2%2Fmedia&parent=20"}],"curies":[{"name":"wp","href":"https:\/\/api.w.org\/{rel}","templated":true}]}}